?
35
Suppose 3*h - 102 = 1716*g - 1720*g, 0 = 5*h - 5*g - 30. Let k(o) = 35*o**2 - 3*o. Let q be k(-6). Calculate the highest common divisor of h and q.
18
Suppose -4*m = -17 - 3. Suppose 0 = m*c - k + 3*k - 41, 27 = 3*c + 2*k. Suppose -c*l + 2*l = -150. Calculate the highest common divisor of 20 and l.
10
Let n = -360 - -463. Suppose -2*c - 9*f = -4*f - 45, -3*f = 5*c - n. What is the greatest common factor of c and 15?
5
Suppose 0 = -4*z - 3*o + 235, -5*z + 2*o - 230 = -9*z. Let v be 3/(-2)*4/(-3). Let u be z/v + 5/10. What is the highest common factor of 7 and u?
7
Let f = -175 - -687. What is the highest common divisor of 576 and f?
64
Let p = 4 - -5. Suppose -k + p = 5. Let t be 0/(-4) - 4*(-18)/k. Calculate the greatest common factor of t and 27.
9
Suppose n + 408*g - 1564 = 407*g, n + 3*g - 1560 = 0. Calculate the highest common factor of n and 36.
18
Let d be (-11286)/(-324) + (2/(-15))/(16/(-20)). What is the greatest common divisor of d and 280?
35
Let h(f) be the third derivative of -5*f**4/24 + f**3 - 4*f**2. Let y be h(-6). Let c be 50/(-50) + 1*55. What is the greatest common divisor of c and y?
18
Let i(b) = 111*b + 18799. Let t be i(-169). Let f(p) = -151*p**3 + 2*p + 1. Let y be f(-1). What is the greatest common factor of t and y?
10
Let i(p) = -48*p**2 + 395*p + 2. Let r be i(6). Calculate the highest common factor of 28 and r.
28
Let f(j) = 5*j**2 - 97*j + 60. Let c be f(-18). What is the greatest common factor of 6 and c?
6
Let w = 570 - 538. What is the highest common factor of w and 1480?
8
Let x(l) = -187*l + 826. Let q be x(4). Calculate the highest common divisor of 52 and q.
26
Let s be ((-84)/(-14))/(20/2610). Calculate the highest common factor of s and 232.
29
Let f = 25 + -20. Suppose 3*h + f*w - 27 = 0, -4*h - 4*w + 23 = -21. Suppose -4*j - l = -78, -4 + h = -5*l. Calculate the highest common factor of j and 10.
10
Suppose -15*w - 2016 = -31*w. What is the highest common divisor of w and 1092?
42
Let j(x) = -x**2 + 15*x - 12. Let d be j(9). Let w = d + -37. Suppose 335 = 3*s - w*v, 3*s - 309 - 2 = -v. Calculate the highest common divisor of 21 and s.
21
Let b be (-217)/155 + 868/20. Calculate the highest common divisor of b and 114.
6
Let l(g) = -g**3 - 20*g**2 - 3*g + 116. Let v be l(-21). Calculate the greatest common factor of v and 20.
20
Suppose 0 = -5*f - 5*b + 285, 5*b - 3*b - 218 = -4*f. Suppose -3*p - 170 = -482. What is the highest common divisor of p and f?
52
Let g(v) = -2*v**2 + 4*v + 9. Suppose -10*r + 12*r - 6 = 5*z, -5*z = 2*r - 6. Let b be g(z). What is the greatest common factor of b and 90?
9
Let f be 5 - 5/10*-2*3. Let q(b) = b**3 - 5*b**2 - 9*b - 12. Let k be q(f). What is the highest common divisor of 12 and k?
12
Let z(y) = -11*y + 50. Let g be z(20). Let a = g - -331. Let c = -98 + a. What is the greatest common divisor of 3 and c?
3
Suppose 0 = -2*f - 23 + 15, -i - 10*f = -8. What is the highest common factor of 426 and i?
6
Suppose 2*v - 5 = 5. Let z(y) = -315*y - 203. Let t be z(-6). Suppose 69*d = t + 1073. What is the greatest common divisor of v and d?
5
Suppose 4*f = i + 379, -19*i - 294 = -3*f - 15*i. Calculate the greatest common divisor of 423 and f.
47
Suppose -252 + 72 = -10*p. Let n = p + -13. Suppose -2*j + 110 = -0*y + 4*y, n*j + 76 = 3*y. What is the highest common divisor of y and 18?
9
Suppose 12*g = 3*g + 72. Let w(h) be the third derivative of 7*h**4/12 - 8*h**3/3 + h**2. Let r be w(g). Calculate the highest common factor of 12 and r.
12
Suppose -2*b = -q - 13, 3*b - q - 25 = -5*q. Suppose -2*v - 17 = -j, 3*j = b*j + 5*v - 42. Calculate the greatest common divisor of 247 and j.
13
Suppose -3*t = -6*t. Suppose t = -2*x + 10, 2*d - 16 - 153 = -5*x. Suppose -116*f - 108 = -125*f. Calculate the greatest common factor of f and d.
12
Suppose -8496 = -13*u - 35*u - 11*u. What is the highest common divisor of u and 450?
18
Suppose -4*d = 6*s - 11*s + 7018, -3*d = 4*s - 5633. What is the greatest common divisor of 19 and s?
19
Let z(l) = l**3 + 15*l**2 - l - 13. Let c be z(-15). Let x be c - -2 - -4*11. Suppose 6*h = 4*h + x. Calculate the greatest common factor of h and 24.
24
Suppose q + 4*d = 3 - 13, 22 = 5*q - 4*d. Suppose 0*a = q*w - 3*a - 13, a + 5 = w. What is the greatest common factor of w and 10?
2
Let x be (-4)/(-2 - (-16)/12). Suppose 0 = -3*a - 2*l + 550, a - 182 = -2*l - 4. Calculate the highest common divisor of x and a.
6
Let v be ((-54)/15)/((-38)/34200). Calculate the greatest common factor of 6 and v.
6
Let r = -55880 + 120339. What is the highest common divisor of 73 and r?
73
Let z(l) = 2*l**3 + 17*l**2 - 47*l - 2. Let b be z(3). Calculate the greatest common factor of 5256 and b.
8
Let k = -5652 + 5662. Let x(w) = -57*w + 5. Let i be x(-5). What is the highest common divisor of i and k?
10
Let n(t) = 11*t**2 + 2*t. Let z be n(2). Let b be 105/6*4/2 + -4. Suppose b = 3*l + 13. Calculate the highest common factor of z and l.
6
Let z(n) = -58*n + 1747. Let p be z(29). Suppose 327 + 2273 = 5*x. Calculate the highest common divisor of x and p.
65
Suppose 20 = -11*g - 2. Let y(a) = -28*a + 3. Let c be y(g). Calculate the highest common divisor of c and 1003.
59
Suppose 3*h - 19 + 112 = 0. Let n = h - -87. Suppose 10 = q - 3*y, 4*q - n = 5*y - y. Calculate the highest common factor of 48 and q.
16
Let m = 126211 - 126187. Suppose 4*j - 1316 = -2*p, 0*p + 4*j = -3*p + 1964. What is the greatest common divisor of p and m?
24
Let k be (-11 - (-190)/19)/((-1)/8). Let w be (-7)/(-2) + (-2)/(-4). Calculate the highest common factor of k and w.
4
Let v(k) = k**2 + 5. Let s be v(-4). Let g be -8 + (-5 - -4) + 9. Let y be 2 + g + -8 + 153. What is the highest common factor of s and y?
21
Suppose 26*n - 78691 - 3220 = 16603. What is the highest common factor of n and 54?
9
Suppose 375*n = -116*n + 78*n + 505925. Calculate the highest common factor of 3325 and n.
175
Let q(b) = 14*b**2 - 28*b + 35. Let w be q(12). What is the highest common factor of w and 105?
35
Let d(a) = -a**2 - 60*a + 401. Let m be d(6). Let h(l) = 39*l + 2. Let g be h(2). What is the greatest common factor of g and m?
5
Suppose -2*y + 924 = 4*p, p + 5*y - 279 + 57 = 0. What is the highest common divisor of p and 16?
8
Let a(n) = -2*n + 4. Let g be (1 + 0)/((-6)/(-12)). Let y be a(g). Suppose -11*d + 9*d + 54 = y. What is the highest common factor of d and 27?
27
Let h be (-267)/(-2) - (-1)/(-2). Let g(f) = -7*f**2 + f**3 + 13*f + 10*f**2 - 6 + 1 + 7*f**2. Let i be g(-8). Calculate the greatest common factor of i and h.
19
Suppose 227*u - 16 = 225*u + 4*v, 3*u - 29 = 5*v. Calculate the greatest common factor of u and 843.
3
Let a = -163 - -151. Let x be a/(-54) + (-86)/(-18). What is the greatest common factor of x and 15?
5
Let j be 23/(-7) + (-4)/(-14). Let v be (-108)/306*(-32 - 2). Let s be (v/8)/(j/(-80)). Calculate the greatest common divisor of 16 and s.
8
Let s be 80/24*(12 - 0). Let m = 152 + -169. Let u be 17/m + 1/((-1)/(-6)). Calculate the greatest common factor of u and s.
5
Let o(q) = -4*q**2 + 5*q**2 + 8 - 9. Let n be o(2). Suppose n*i = -2*l + 58, 19 + 25 = 2*i + 4*l. Calculate the greatest common factor of i and 90.
18
Let o be (-4 + 9 + -4)*-1. Let i be o/(15/18)*(3 + -88). What is the greatest common factor of 170 and i?
34
Let j = -13174 - -13219. Let r be (-33)/(-3) - (-1)/(-1). Calculate the highest common factor of j and r.
5
Let w = 159 - 81. Let q(x) = x**2 - 3*x - 5. Let r be q(11). Let c = r - w. Calculate the highest common divisor of c and 15.
5
Suppose -4*n + 9*n - 1825 = -205. What is the highest common divisor of n and 12?
12
Let j(o) = -o**3 + 7*o**2 - o - 4. Let i = 27 - 27. Suppose -9*l + 13*l - 16 = i. Let z be j(l). Calculate the highest common factor of z and 8.
8
Suppose 192*u = 62*u + 400530. What is the highest common factor of u and 78?
39
Let j(v) = 2*v + 2. Let z be j(2). Let p = 286 - 266. Suppose p*c = 18*c + 20. Calculate the greatest common factor of z and c.
2
Let z(h) = -h**2 + 10*h - 13. Let r be z(5). Let y be ((-3)/r)/(1/(-16)). Calculate the greatest common divisor of 52 and y.
4
Suppose 32*m = -77*m + 12208. Let f be -2 + 27 + (-4)/(-2). Suppose 2*b = -4*n + 68, 4*n - 5*b = f + 27. Calculate the greatest common factor of n and m.
16
Let q be (